rs of p/(-24) - (-6)/(-9)*1?
19
What are the prime factors of ((-2)/2)/(12 + 317198/(-26432))?
2, 59
Let p be (24/3)/((-3)/(3 + 3)). Let f be 1/(4/p) - 34. Let i = 32 - f. What are the prime factors of i?
2, 5, 7
Let l be 1 - 2*(-2)/(-1)*258. Let z = -598 - l. What are the prime factors of z?
433
Let a be 2 - 8/3 - 42/(-9). Suppose -a*j = -j - 12. Suppose -134 = -y - 4*u, j*u - 461 = -4*y + 3*u. List the prime factors of y.
2, 3, 19
Suppose -2*b - b = 0. Suppose -7*g + g + 294 = b. Suppose -9*r + g = -410. What are the prime factors of r?
3, 17
Let h be 881/((-273)/35 + 8). Let i = -2661 + h. List the prime factors of i.
2, 109
Let k(v) = -v**3 - 7*v**2 - 7*v + 20. Let o be k(-5). Suppose o*h = -4*y + 504, -4*y = -3*h + 211 + 117. List the prime factors of h.
2, 13
Suppose 2*r = -5*z + 8, -16 = 2*r - 6*r + 2*z. What are the prime factors of (-66 - -3)/(-1) - (-2 + r)?
61
Suppose 16*r = 3*n - 9751, -12*r + 7*r - 12985 = -4*n. List the prime factors of n.
5, 11, 59
Let o(j) = j**3 + 3*j**2 + 4*j - 38. Let h be o(10). Suppose h = -5*r + 8*r. What are the prime factors of r?
2, 7, 31
List the prime factors of 10/((-70)/21)*4/12 - -52011.
2, 5, 7, 743
Suppose 3*r + 5*k = 19593, 454*r - k + 6529 = 455*r. What are the prime factors of r?
2, 13, 251
Let u be 4*(6 + (-40)/8). Suppose 5*a = 3*q + 2*a - 2028, 0 = -3*q + u*a + 2031. List the prime factors of q.
673
Let j(r) = r**3 - 6*r**2 - 1. Let k be j(6). Suppose -2 = -3*x + 19. List the prime factors of -3 + x - 4 - 20/k.
2, 5
Let w(s) = s**3 + 7*s**2 - 2*s - 8. Let k be w(-7). Suppose k*q - 2*q - 4*f - 60 = 0, -q - 3*f + 15 = 0. What are the prime factors of (162/8)/(q/180)?
3
Let d(a) = -20*a - 250. List the prime factors of d(-109).
2, 5, 193
Suppose -2*l + 0*l + 30 = 0. Suppose l*p = 6*p + 756. Suppose -4*i = n - 244, i + 4*n - p = -8. What are the prime factors of i?
2, 3, 5
Suppose 4*y + 7*s = 12*s + 15, -2*y - 2*s - 6 = 0. Suppose y = -30*n - 8637 + 58677. List the prime factors of n.
2, 3, 139
Suppose 11*u + t + 26 = 16*u, 0 = 2*u - t - 8. Suppose -4*k + 5*v + 7231 = 0, 7*k - 5*v = u*k + 1804. List the prime factors of k.
3, 67
Let w(m) = -5*m - 1. Suppose -3*s + 7 = -2*f, -4*s - 1 = -s - 4*f. Suppose -4*y + s*g - 28 = 0, -4*y - 3*g + 7 = 3. List the prime factors of w(y).
3
Suppose -4*w + 2*z + 2412 = 0, 0*w = -4*w + 4*z + 2412. Suppose -o + w = 30. List the prime factors of o.
3, 191
Suppose -4*g + 2*o + 3178 = 0, 0*g + 3980 = 5*g - o. Suppose 5*b - g = 8*k - 11*k, 0 = -2*b - 4. List the prime factors of k.
269
Let l = -466 + 469. Suppose 0 = -m - v - 2 + 37, 0 = 3*v + l. List the prime factors of m.
2, 3
Let c = 2319 + -1338. Suppose 7*q - c = 6*q. List the prime factors of q.
3, 109
Suppose -3*m = -0*m - 9, 4*m = -a + 16. Let n be (-30)/(-45) + (-1475)/(-15). Suppose -5*c - n = -a*u, -u - 3*c + 33 = u. What are the prime factors of u?
3, 7
Let x = -340 - -712. Suppose 0 = -c + 4*g + x, -11*c + 5*g + 1905 = -6*c. What are the prime factors of c?
2, 3
Let k = 30325 + -30339. Let b(q) = q**2 - q. Let x(h) = h**2 - 30*h - 17. Let y(i) = -2*b(i) + x(i). List the prime factors of y(k).
179
Suppose 18*h - 6*h = -16*h + 449736. What are the prime factors of h?
2, 3, 2677
Let t = 45 - 41. Suppose 11 = 2*f - 5*b - 8, -f - 2*b = t. Suppose -2*o - 3*h - 11 = 0, 5*o = -0*h - f*h. What are the prime factors of o?
2
Let b = -823 - -664. Let f be (-38)/9 - 4/(-18). What are the prime factors of (b/(-12))/((-1)/f)?
53
Suppose -3*j - 29158 + 114757 = 5*p, 0 = -5*j - 35. List the prime factors of p.
2, 3, 1427
Suppose -785 = -o + 3*d, 4*d - 10 = 2*d. Suppose 5278 + o = 6*z. List the prime factors of z.
1013
Let k(a) = -5*a - 75. Let f be k(-16). List the prime factors of -998*(0 - f)/10.
499
Let n be 28/(-16)*4 + 53. Suppose n*h - 40937 = 26131. List the prime factors of h.
2, 3
Suppose -2496*u = -2495*u - n - 49390, n - 98774 = -2*u. List the prime factors of u.
2, 12347
Let z(o) = -9*o**3 - 2*o**2 - 3*o. Suppose 63 = 4*n - 5. Let m = n + -19. What are the prime factors of z(m)?
2, 5, 7
Let m = -212 - -216. Suppose l + p = 336, m*p - 539 = -l - 197. What are the prime factors of l?
2, 167
Let b(a) = 2*a**3 - 10*a**2 + 5*a. Suppose 7*g - 3*g = -2*o + 36, 0 = 2*g - 4*o + 2. List the prime factors of b(g).
3, 7, 11
Let s(r) = -r**3 - 16*r**2 - 19*r - 10. Let p be s(-15). Suppose 33*z - 35*z = -p. Suppose -2*f + 71 = -z. List the prime factors of f.
2, 3
Suppose -72156 = -6*k - 30312. List the prime factors of k.
2, 11, 317
Let s be (-14)/(-119) - (-304)/17. Let f(i) = -8 + s + 9 + 7*i. What are the prime factors of f(8)?
3, 5
Suppose 0 = 9*h + 1784 - 695. Suppose 0 = -2*m + 3*n - 103, 4*n = 2*m + 2*n + 108. Let d = m - h. What are the prime factors of d?
2, 31
Let g = 9124 - -358. List the prime factors of g.
2, 11, 431
Suppose 0*j - 4*j = 0. Suppose g + 0*g + 3*c - 1 = j, 5 = 5*g - 2*c. Let p(v) = 193*v + 2. What are the prime factors of p(g)?
3, 5, 13
Suppose 4*t = 2*k + 16902, -7*k - 21123 = -5*t - 3*k. Let w = -2483 + t. What are the prime factors of w?
2, 109
Let s be 12/(-4)*(-5)/3*1. Suppose -i = -s - 0. Suppose 2*p = -3*f + 29, -i*p + 36 = -2*p + 2*f. List the prime factors of p.
2, 5
Let p be (3/(-2))/(12/(-232)). Let x = p - 25. Suppose x*z - 248 = -3*u, -2*z = -0*z - u - 134. List the prime factors of z.
5, 13
Let v = -151 - -97. Let b = v + 60. Suppose 12*z - b*z - 348 = 0. List the prime factors of z.
2, 29
Suppose 5*i = 4*g + 23592, 212*g - 210*g = 4*i - 18870. What are the prime factors of i?
2, 3, 131
Let o(b) = -b**3 - 17*b**2 + b - 36. Let q be o(-12). Let t = -346 - q. List the prime factors of t.
2, 211
Let f = -14006 + 81888. List the prime factors of f.
2, 33941
Let p be 10*(-4)/(16/(-68)). Let z(q) = 3*q**3 - q. Let x be z(1). Suppose -p + 16 = -x*l. What are the prime factors of l?
7, 11
Let p = -20947 - -31976. What are the prime factors of p?
41, 269
What are the prime factors of 28/8*(1848 + (-11 - -1))?
7, 919
Let y(h) = 2*h**2 - 9*h - 8. Let d be y(6). Let m(i) = d*i + 11*i + 6*i - 22*i + 7*i**2 - 7. List the prime factors of m(-5).
11, 13
Suppose 67431 = 11*g + 14521. Suppose -8*j + g = -3*j. List the prime factors of j.
2, 13, 37
Let h = -20 + 24. Let b(s) = s**3 - 13*s**2 + 11*s + 9. Let l be b(12). List the prime factors of 22/h*(17 + l).
7, 11
What are the prime factors of (-1630)/4*(-200)/125?
2, 163
Let u be (-163 + 127)*31*(0 + -1). Let w = u - 193. List the prime factors of w.
13, 71
Let h = 2132 + 58. What are the prime factors of h?
2, 3, 5, 73
Let v(p) = 8*p**2 + 9*p + 8. Suppose 7*w - 19 = -3*q + 8*w, 3*q - 17 = 2*w. Suppose -q*c - 36 = 5*c. List the prime factors of v(c).
53
Suppose 5*r - 21 = -d, 0 = -12*r + 9*r + 3*d + 27. Suppose -8410 = -r*k + 7*k. List the prime factors of (-1)/4 - (-2 - k/(-20)).
2, 53
Suppose -n + 3*w - 6 = n, -5*w + 17 = -n. Let i(g) = -7*g**2 + 1 + 12 - g**n + 7*g - g + 0. What are the prime factors of i(-9)?
11
List the prime factors of -2979*(-23)/(-138)*(-3)/(3/2).
3, 331
Suppose -4*b + 2*j + 6152 = 0, 6*j = -b + 8*j + 1532. Suppose -7*k + 3696 = -b. List the prime factors of k.
2, 11, 17
Let t(q) = -56*q - 1207. List the prime factors of t(-24).
137
Suppose -6928 = -22*a + 6*a. Let s = a + -7. What are the prime factors of s?
2, 3, 71
Let z be ((-118)/(-10) - 11)*3110/(-4). Let c = 906 + z. What are the prime factors of c?
2, 71
List the prime factors of (4/28 - (-765153)/119) + 9.
47, 137
Suppose -5*b + 0*b + 1686 = -3*p, 0 = -5*b - 5*p + 1670. Suppose -y + b = 20. List the prime factors of y.
2, 79
Let y = 3011 - 2633. Let m(u) = -u**3 - u**2 + 2*u - 6. Let f be m(5). Let b = y + f. What are the prime factors of b?
2, 29
Suppose w + 256 = 9*w. Suppose -w = 5*r - y, 6*r = 2*r - 5*y - 14. What are the prime factors of 67/3 + ((-8)/r)/2?
23
Let s = -14330 + 24708. List the prime factors of s.
2, 5189
Let r(n) = -27*n + 25. Let u be (24/16)/((-1)/10). What are the prime factors of r(u)?
2, 5, 43
Let n = -54 + 14. Let k = n - -47. Suppose 776 + 71 = k*b. List the prime factors of b.
11
Let l(s) = 283*s**2 - 224*s + 102. List the prime factors of l(13).
7, 59, 109
Suppose 0 = -9*c + 15*c - 12. Let a = 42 + -37. Suppose 0 = -5*r - 5*l + 790, 303 = c*r - a*l - 34. What are the prime factors of r?
7, 23
Suppose -244308 = -3*y - 3*n, 115*y 